 the highest common factor of f and u.
12
Let q be 3*(-2)/12*-34. Suppose -47 = -5*d - q. Suppose -26 + d = -2*r. Calculate the highest common divisor of 25 and r.
5
Let n be ((-174)/(-145))/(2/180). Calculate the highest common factor of n and 27.
27
Suppose 13*q = 9*q + 20. Calculate the highest common divisor of 5 and q.
5
Let a(x) = -x - 1. Let w(o) = 6*o + 11. Let t(i) = 5*a(i) + w(i). Let h be t(-5). Calculate the greatest common factor of 4 and h.
1
Let x(u) = 10*u - 8. Let t = -29 - -84. Let l be (-1)/(-2) + t/10. Let i be x(l). What is the greatest common divisor of 13 and i?
13
Suppose -w + 19 = 1. Calculate the highest common factor of 9 and w.
9
Let d(t) = t**2 - 6*t + 1. Let n(s) = 10*s**3 - s**2 + s - 1. Let v be n(1). Let h be d(v). What is the highest common factor of h and 140?
28
Suppose -5*f + 52 = -f. Let g(m) = m**3 - m + 1. Let k be g(1). Let a = f + k. Calculate the highest common divisor of 14 and a.
14
Suppose -3*b = -5*p - 76 + 445, -2*b + 138 = 2*p. Suppose -r - 5*d = -265, -3*r + p = -2*d - 757. What is the highest common factor of 25 and r?
25
Let q(d) = d**3 - 10*d**2 + 9*d + 13. Let g be q(9). Calculate the highest common factor of 13 and g.
13
Let b(x) = -x**3 - 7*x**2 - 2*x - 6. Let f be b(-7). What is the highest common divisor of f and 64?
8
Let d(y) = 4*y**2 + 2*y + 3. Let w be d(2). Calculate the greatest common factor of 23 and w.
23
Suppose 24 + 8 = 5*g + 2*b, 36 = 3*g - 3*b. Let s be (40/25)/(2/10). Calculate the highest common divisor of s and g.
8
Suppose -4*j - 4*f = 1 - 49, 2*f = -4*j + 38. What is the highest common factor of j and 77?
7
Suppose 0 = -d + 2*o + 2*o - 16, -2*d = 2*o - 8. Suppose d = y - 3*r - 68, 69 + 159 = 4*y - r. What is the highest common divisor of 7 and y?
7
Let c be (-1)/2 + 495/18. Calculate the greatest common factor of c and 18.
9
Suppose 336 + 739 = 5*l. What is the highest common factor of l and 43?
43
Let m = 16 - -48. Calculate the greatest common divisor of 32 and m.
32
Let k be -2*((-10)/4 - 1). Suppose 0 = -n - 4*n - 3*d - 265, 0 = 5*d - 25. Let s be (n/3)/((-1)/3). Calculate the highest common divisor of s and k.
7
Let v = -260 - -416. Suppose -5*f = -9 - v. Calculate the greatest common factor of 22 and f.
11
Suppose 0 = 2*y + 2*s - 50, -s + 2*s = -5*y + 117. Calculate the greatest common divisor of 46 and y.
23
Suppose -15 + 265 = 5*y. Calculate the greatest common factor of 125 and y.
25
Let m(d) = 20*d**3 + 4*d**2 - d - 2. Let j be m(1). Calculate the greatest common factor of j and 105.
21
Let j(t) = 4*t + 9. Suppose 0 = -0*c + 5*c - 25, -2*m - 2*c = -20. Let n be j(m). Calculate the greatest common factor of 261 and n.
29
Let p = 11 - 20. Let c be 59/3 - 3/p. Calculate the greatest common factor of c and 100.
20
Let n(u) = -u**3 - 2*u**2 - 2*u - 1. Let f be n(-1). Suppose -j + 4*j - 33 = f. What is the greatest common factor of j and 11?
11
Suppose -5*y + 47 = 5*b + 12, 4*y = -5*b + 35. Suppose -50 = -4*g + 34. Suppose 4*q = 5*q - g. What is the highest common divisor of q and b?
7
Let t(f) be the first derivative of 4*f**2 - f + 1. Let r be t(1). Suppose -1 + r = 3*k, -5*z = 2*k - 84. Calculate the greatest common divisor of z and 64.
16
Let n be 51/(-9) + (-1)/3. Let m = -1 - n. What is the greatest common factor of 35 and m?
5
Let x = -99 - -163. Let l = 21 + -13. Calculate the greatest common divisor of l and x.
8
Let t(l) = l**3 + 3*l**2 - l. Let w be t(-3). Suppose i + 0*i - 1 = -x, w*i = -4*x - 1. What is the greatest common divisor of i and 25?
5
Let a be 880/(-30)*(-6)/4. What is the highest common factor of 22 and a?
22
Suppose -44 = -3*d - 8. Let p(s) = 2*s**2 + 3*s - 15. Let r be p(3). Calculate the highest common factor of r and d.
12
Let d = -30 + 36. Let f = 19 - 10. Calculate the highest common factor of f and d.
3
Let u(a) = -8*a - 1. Let f be u(-2). Let n(q) = 5*q**2. Let h be n(3). Calculate the highest common divisor of f and h.
15
Let j be -2 - -7 - -1*4. Calculate the greatest common factor of 6 and j.
3
Let q(u) = u**2 - 7*u - 5. Let l be q(8). Suppose 5*h - 33 = l*c + 24, -5*h + 49 = -c. What is the greatest common divisor of h and 81?
9
Suppose 6*v - 16 = 2*v. Suppose 0 = v*k - k - 60. Suppose -3*d = -5*n + 52, 2*n - 12 = -4*d + 3*d. What is the highest common divisor of k and n?
4
Let a(g) = g + 25. Suppose -4*m + 6*m = 0. Let f be a(m). Calculate the greatest common factor of f and 175.
25
Let c(q) = 141*q**3 - 2*q**2 + 2*q - 1. Suppose 5 = 3*y + 2. Let u be c(y). What is the highest common divisor of u and 14?
14
Let p = -11 + 96. Calculate the greatest common factor of 34 and p.
17
Let f(d) = 9*d**2. Let x be f(-1). Let a(u) = 26*u**3 - u**2 + 3*u - 1. Let v be a(1). What is the greatest common divisor of v and x?
9
Suppose -3*j = -j. Let b be (-1 + j)*(-23 + -1). Let a be (0 - -5)*16/10. Calculate the greatest common divisor of b and a.
8
Suppose f + 6 = -2*k + 4*f, 4*f = 5*k + 8. Let p(n) = n**3 + n + 75. Let j be p(k). Let c = -7 - -22. What is the greatest common factor of j and c?
15
Let w = -12 + 19. Let l = -8 + 36. What is the greatest common factor of l and w?
7
Let l be ((-8)/(-1))/(16/280). What is the greatest common factor of l and 20?
20
Let a be 16*((-14)/(-4) - 2). Let t be 0/(-4) - (-18 - -2). Calculate the highest common factor of t and a.
8
Let w(s) = 2*s**2 - 5*s - 3. Let i be w(-3). Suppose -3*u - u = -16. Suppose -5*m + 45 = -u*m. What is the greatest common factor of m and i?
15
Suppose -8*x = -21 - 11. Calculate the greatest common divisor of 36 and x.
4
Suppose -26 = -3*v + 2*s, -2*s + 55 = 5*v - 3*s. Calculate the highest common divisor of 24 and v.
12
Let g(b) = -2*b**3 + 2*b + 0*b**3 + 0 + 1 - b**2. Let l be (-2)/(-4) + (-10)/4. Let v be g(l). Calculate the highest common divisor of 3 and v.
3
Suppose -3*d = -56 - 70. What is the highest common divisor of 462 and d?
42
Suppose 4*c - 27 = 93. Suppose b = -b + 24. What is the greatest common factor of c and b?
6
Let r = -10 + 30. Calculate the greatest common factor of r and 10.
10
Let i be -5*((-12)/(-10) + -2). Suppose -1 = -y - 3*v - 10, y = -2*v - i. Suppose -3*g - 54 = -y*g. Calculate the greatest common divisor of 54 and g.
18
Let t(o) = 2*o - 6. Let j be t(6). Let p be j*(3/2 + -1). Let s be p/(-2)*(3 - 5). Calculate the highest common factor of 3 and s.
3
Suppose 6 = 2*c - 0. Suppose t - 40 = c*t. Let d be (-72)/t + 2/5. Calculate the highest common factor of d and 4.
4
Let h = -140 + 157. Let m be 1/2 - 169/(-2). What is the greatest common factor of h and m?
17
Let u(a) = -a**3 + 8*a**2 + 8*a + 2. Let t be u(8). Let o = t - 36. What is the highest common divisor of 75 and o?
15
Let z(n) = n**2 + n - 2. Let q be z(-2). Suppose q = i - k - 3, 5*i + 5*k + 21 = 86. Calculate the highest common divisor of i and 4.
4
Let n be 2 + 2/(-1 + -1). Let t be (-4)/(8/6) - 6. Let z = t + 10. Calculate the highest common divisor of n and z.
1
Suppose 3*c = -2*i - 3*i - 13, 37 = 3*c - 5*i. Calculate the greatest common divisor of c and 4.
4
Let d be 12*(3 + 25/(-10)). What is the greatest common divisor of d and 6?
6
Suppose 0 = 4*v + 2*g - 578, 4*v + v - 724 = -4*g. Suppose 0*q + 3*q - v = 0. Calculate the greatest common factor of 16 and q.
16
Let g be 36*(1 - (-6)/4). Calculate the highest common factor of g and 18.
18
Let o(g) = g**3 - 4*g + 1. Let m(j) = 2*j**2 - j**2 + 2 + 1 - 8*j. Let v be m(8). Let r be o(v). What is the greatest common factor of r and 40?
8
Suppose 6*v = 4*v + 64. Calculate the greatest common divisor of v and 8.
8
Let o = 9 + -6. Suppose 72 = 5*h + o*u, 2*h = u - 0*u + 31. Calculate the greatest common divisor of h and 45.
15
Let p be (3/(-6))/(0 - 3/336). Suppose -6*f = -2*f - 32. What is the highest common factor of p and f?
8
Let b(n) = -n**2 + 7*n - 2. Let h be b(6). Let u be ((-1)/(-1))/(7/28). Calculate the greatest common divisor of u and h.
4
Let r = 59 + -90. Let f = r + 43. Calculate the greatest common divisor of f and 4.
4
Let a be (-4)/6 + (-32)/(-3). Let b = 7 + 23. What is the highest common divisor of a and b?
10
Let w = 410 + -182. What is the highest common factor of w and 57?
57
Suppose -p = -4 + 6. Let w be 1*(49 - p) + 3. What is the highest common divisor of w and 18?
18
Suppose -3*z + 2*z = -4*c + 14, 3*c - 16